
8
Evaluate (3 - 0) + -6 + 8 + -12 - -4.
-3
What is 12 - (13 + -25 + 21 - (3 - 2))?
4
What is the value of -2 + 11 + -9 + 9 + -24?
-15
Evaluate 3 + (-14 - -16) + -3.
2
Calculate (-8 - 24) + 9 + -5 + 7 + -1.
-22
What is 27 + -18 - (-3 + -13 - -4)?
21
What is the value of 14 + -15 + (2 - (1 - (2 - -4)))?
6
What is -7 - ((-2 - 7) + (-2 - (3 + -7)))?
0
Evaluate 32 + (-16 - (3 - (15 - 11))).
17
What is (-29 - (-5 - 21)) + (1 - 9)?
-11
What is -24 + (27 - 17) - -30?
16
Evaluate 14 + (-11 - 6) + -8.
-11
What is the value of 24 - (-4 - -31) - (2 - 22)?
17
Evaluate -1 - 4 - (-10 + 0).
5
What is the value of -9 - (-7 + -8 + 4 + 10)?
-8
What is the value of (41 - (-76 - -105)) + 0 + 5?
17
Evaluate -3 + 14 - -2 - 7.
6
What is the value of (3 + -2 - 6) + (-3 - -4 - -3)?
-1
Evaluate (3 - -3 - -2) + 3 + -1.
10
(-3 - -20) + (-2 - -6) + -2 - 5
14
Evaluate 19 - (15 - (-8 + 17)).
13
9 - (13 + -24 - (6 + -12))
14
13 - (9 - 14) - (-2 + 0)
20
7 - (13 + -11 - -6) - (-2 - 5)
6
What is 9 - (9 + -1 + (-20 - -8))?
13
Evaluate 1 + 1 + 0 - (8 - (-1 - -4)).
-3
Calculate (-1 - (2 + 5) - -9) + 9.
10
-11 + -8 + (-3 - -23) + 27
28
-144 + 133 + 1 + 1
-9
-11 + -4 + 8 - -1
-6
(-3 - -14 - 2) + -7
2
What is (0 + 5 - 0) + (20 - 16) - 4?
5
What is the value of -13 + 4 - ((-9 - -14) + -28)?
14
What is -5 - (0 + -2) - -15 - (68 + -62)?
6
What is the value of 2 + -6 - -10 - 0 - (-10 + 2)?
14
What is -27 - (-31 - -13) - 8?
-17
What is the value of 39 + -5 + 9 + (50 - 64)?
29
What is -6 - (7 - (6 + -2 + -1) - -13)?
-23
-12 + (14 + -3 - -12)
11
-20 - (-27 - (7 + 10))
24
-6 + 33 - (97 + -58)
-12
What is the value of (-8 - (-12 - -17)) + 2?
-11
(-16 - -11) + 22 + -23
-6
(-1 - -15 - 3) + (-53 - -19) + 29
6
(15 - (-29 - -59)) + 14 + -2
-3
4 + 3 + (41 - 42)
6
What is 6 + 0 + -5 + (-14 - (5 - 8))?
-10
Calculate -17 - (-6 - 1 - -2).
-12
Calculate (-19 - -6) + -7 - -14.
-6
(0 - -1) + 6 + -17 + 28 + -33
-15
What is the value of 0 + -3 - (-7 + -21) - 12?
13
Calculate 13 + 1 + (23 - 23 - (5 - 3)).
12
What is (13 - 11 - -1) + -23?
-20
Calculate 6 - (11 + (-6 - -9)).
-8
Evaluate 2 + 2 - (1 + 11 + -12).
4
What is 2 - ((-5 - 0) + (9 - -1) + -12)?
9
Calculate -40 + 9 + 5 + -8 + -1 + 4.
-31
10 - 0 - 4 - 4
2
Calculate -7 + (0 - ((-5 - 0) + 9)) + -3.
-14
What is the value of 4 + 7 + -10 + -1 - (1 + -6)?
5
Calculate -28 - (25 - (-12 - -68)).
3
What is the value of -34 + 3 + (15 + -1 + 8 - 12)?
-21
What is -9 + 1 + (-7 - -12) + 15?
12
What is the value of 8 + (-10 + 3 - (11 - 20))?
10
Calculate (-8 - -1) + 10 + -3 - -19.
19
What is 17 + 11 + (6 - 17) - 55?
-38
(0 - 8) + 0 + (6 - 4) - -5
-1
-16 + -2 + (2 - -23) + -20 + 5
-8
What is the value of (3 - (2 - 4)) + (-1 - 13)?
-9
Evaluate -14 + (6 - 5) + 14.
1
Calculate -35 + 16 - (-24 + 12).
-7
Calculate (-21 - -23) + (3 + -4 - -5) + -18.
-12
Calculate (-1 - 7) + (-7 - -1 - (-20 + 17)).
-11
What is the value of 0 - (-42 - -33) - 27?
-18
11 + (-7 - (6 + -12)) + (7 - 1)
16
What is the value of -1 + -9 - (-7 - -18)?
-21
What is the value of 1 - -2 - (18 - 6 - 10) - 8?
-7
28 + -23 + -9 + (-1 - (0 - 1))
-4
What is -10 + (-8 - -5 - -13)?
0
What is the value of (4 - 10) + (4 - (-13 + 0))?
11
What is 2 - (25 + (-5 - 2))?
-16
Calculate -1 + 18 + -7 - (4 + -2 + 3).
5
Evaluate -4 + (0 - 8) - (2 + -1 + -5).
-8
What is the value of 59 + -61 - (-1 + 3)?
-4
-13 - (-15 + 3 - (-5 + -4))
-10
Calculate 1 + -2 + 6 + -7 + 62 + -40.
20
-22 + 33 - (39 + 5 + -10)
-23
-4 + 14 - 12 - -3 - -10
11
Evaluate 19 - (20 - (-12 + 3)).
-10
Evaluate (-1 - -16) + -29 - -13.
-1
-2 - -1 - -4 - (98 + -49 + -39)
-7
What is (2 - (-6 - 1)) + (-2240 - -2232)?
1
What is -38 + -29 + 23 - -12?
-32
Calculate -4 - 1 - (-4 + 6).
-7
What is the value of 1 + -3 + 25 + -15 + -15 + -16?
-23
Calculate 37 + -18 + -23 - (-1 - -1).
-4
What is the value of 4 + -9 + 0 + 2 + (138 - 122)?
13
What is the value of 18 + -11 + 6 - 7 - (20 - 1)?
-13
5 + 15 + -6 - (-10 - -6)
18
What is -25 + (5 - -2) + 5?
-13
1 + (4 - 4) - (-11 + 10)
2
What is the value of -4 + 0 - 2 - (-1 + -6 - -1)?
0
Evaluate 17 + -24 - 5 - -33.
21
What is the value of -43 - (9 - (14 - 22 - -36))?
-24
-8 - (-40 + (20 - -26))
-14
What is (18 - 33) + -4 + (10 - -6)?
-3
9 - 8 - (7 + -18)
12
What is -7 + (-57 - -60) + -1 + 1?
-4
What is the value of (0 - 21) + 10 + -1 - -7?
-5
What is (-1 - 0 - (-6 - -2)) + 5466 + -5504?
-35
Calculate 30 - (0 - (-10 + 17 - 27)).
10
What is the value of (7 - 2) + -3 + (-4 - -1 - -5)?
4
What is 5 - -1 - 5 - -4?
5
-38 - -37 - (5 - -1)
-7
What is the value of 11 + 18 - 20 - -14?
23
Calculate -5 - (6 + -5) - (2 + 4).
-12
What is the value of 2 + 4 + (-10 - (5 + 4 - 16))?
3
Evaluate -34 - (28 - 86) - 0.
24
Evaluate -1 + 11 - (-91 + 114).
-13
Calculate (0 - -1) + (-1 - 0) + (145 - 130).
15
What is the value of (3 - -4) + 8 + -3 + (-1 - 8)?
3
-29 + 42 + (-1 - 12) - (2 + 18)
-20
-114 + 111 - (-1 + -9)
7
Calculate -30 + 16 - 2 - -12.
-4
Evaluate 12 + -22 + 5 + 8.
3
What is -5 - (-5 + -5) - (4 - 13)?
14
What is the value of 8 + (3 - 7) + -13 - -9?
0
(-7 - 0) + 6 - (10 - 19)
8
What is 5 + (5 - 14) + 2?
-2
What is the value of (5 - 9 - -19) + (-4 - -7) + -7?
11
40 - 26 - -8 - 37
-15
Calculate (-1 + 23 + (0 - -7) - 11) + -3.
15
What is the value of 4 - (3 + 2 + (18 - 15))?
-4
Evaluate -2 - (12 - (-5 + 24)).
5
What is -18 + 14 + (5 - -9)?
10
-4 + -1 - (-20 - -10 - -13)
-8
What is the value of 30 + 6 + -26 + 12?
22
Calculate -2 - (-16 + 4) - -1.
11
Calculate 16 + (6 - (-18 + 23)).
17
What is the value of (-19 - (1 + 6)) + (-1 - -8) - 6?
-25
(-3 - 7) + 19 + 3
12
What is 12 + (1 - (-7 - 0) - 5)?
15
-22 + -2 - (37 - 53)
-8
Calculate 57 + (12 - 34) + (1 - 10) + 0.
26
215 + -228 + (-1 - 16)
-30
What is the value of 48 - (2 - -9 - -19)?
18
24 + -43 + -1 + 8
-12
Calculate 3 + (-20 - -23) + 6 + 2 + -36.
-22
What is (-3 - -19) + 0 + -2 + 0 + 2?
16
(35 - 25) + 1 + -4 + -7
0
Calculate (4 - 1) + (1 - -9).
13
Calculate 0 + (-3 + 8 - 0 - 11 - -7).
1
What is the value of 44 - (-11 + -7 + 22 - (-5 - 0))?
35
Calculate -1 - (7 + -3 + -8) - (-2 - -1).
4
What is -24 - (-6 + -2 + -12)?
-4
(15 - 19 - 19) + -6 + 1 + 0
-28
What is 105 + -104 + (-4 + 1 - -9)?
7
What is (22 - (50 + -20)) + 0 + -6 + -8?
-22
Calculate (-4 - (-7 + 9)) + -7.
-13
What is the value of 22 - (-4 + 12 - (63 + -46))?
31
Calculate 7 - (-14 - (-24 + 9)).
6
What is the value of 1109 - 1107 - (14 - (1 - 0))?
-11
-25 + (16 + -2 - 2)
-13
What is 31 - 24 - ((-2 - 1) + -4)?
14
Calculate -4 + 0 - (-17 - (-8 + 2)).
7
-22 + (-6 - (-6 + 4 + -5))
-21
Calculate 0 - 1 - (-2 + -1 + 0 + 1).
1
What is -8 + (-333 - -337 - (-1 - 16))?
13
Calculate 2 + (-5 - (-2 + -6)) + -2 + -5.
-2
Evaluate -13 - (0 + 1 - (13 - (-8 + 28))).
-21
Evaluate -2 + -2 + -4 + 16 + -13.
-5
Evaluate (-3 + -1 - -2) + -2 + (-9 - -1).
-12
What is the value of -41 + (3 - (24 - 45))?
-17
Evaluate 3 + -22 + 3 + -8 + 21 + -9.
-12
-1 + -9 - (30 - (-18 + 57))
-1
What is 10 + (19 + -7 - 13)?
9
(22 - 12 - -16) + -1 + (2 - 9)
18
(4 - 4) + -29 + 25 + (1 - -18)
15
What is the value of 1 - 1 - (15 - (12 + 8))?
5
What is the value of -3 + (1 - -1 - (-40 - -33))?
6
Evaluate -190 + 205 + (-17 + 4 - -4).
6
Evaluate -12 + (-11 - (9 - (14 + -20))).
-38
Calculate -19 - ((1 - 3) + (6 - (6 + 6))).
-11
What is the value of (22 - -5) + -15 + -2 + 6 + 0?
16
-5 - (9 + (-8 - 20))
14
Calculate -13 + 23 - 11 - (7 - -1 - -1).
-10
What is the value of 1 + -1 + (-94 - -79 - (-8 - 3))?
-4
14 + (-18 - -15 - -4)
15
Evaluate 53 + -51 + 0 + -7 + (0 - -6).
1
What is the value of -9 - -3 - (3 + (-4 - 4))?
-1
(-6 - 11 - -9) + 3 + 15 + 1
11
What is -1 - 12 - (-70 - -72) - (1 + -6)?
-10
18 - (-16 - -18 - -7)
9
What is 27 - (30 + 1 + -33)?
29
Evaluate -15 + 1 - (7 + 68 - 67).
-22
-8 - 5 - -2 - (-88 + 55)
22
12 - (27 + 9 + -14) - 0
-10
(-4 + 1 - -2) + (-6 - (-7 + -3))
3
Evaluate 21 - (0 + (6 + -9 - (0 - 7))).
17
1 + -24 - (7 - (5 + 19 + -14))
-20
What is (-10 - (-26 - -12)) + 0?
4
Evaluate 24 + 14 + -38 + 5.
5
What is -6 + (2 - (-1 + -22 + (-4 - -11)))?
12
What is (-12 - -7) + -1 + 18?
12
Evaluate (-14 - 1) + 1 + 95 + -67.
14
Evaluate 34 - (6 - 0) - (-31 - -37).
22
What is the value of 2 + 0 + -9 + (18 - -34 - 35)?
10
Calculate -44 + 27 + (26 - 19).
-10
Calculate 59 - ((-45 - -14) + 75).
15
What is 5 - (3 - (5 + -7)) - -12?
12
Evaluate (-5 - -15) + -9 + 4.
5
Evaluate (19 - -11) + (-16 - 